 common divisor of m and 12.
12
Suppose -q + 16 = 11. Calculate the highest common divisor of 45 and q.
5
Suppose 5*y - m + 3 + 6 = 0, -4 = 4*m. Let g be 2/(-2 + (-5)/y). Suppose -2*f - 71 = -n, -n - g*f + 263 = 2*n. Calculate the highest common factor of n and 9.
9
Let w be 1 + (6 - 2) - -2. Let o = 8 - 5. Let t be 2/o - 19/(-3). Calculate the greatest common factor of w and t.
7
Let w be (3*2)/((-21)/(-35)). Let b be 8/(-36) - 146/(-9). Suppose -4*m + 3*h + 5 = -15, -5*h - b = 2*m. Calculate the highest common factor of w and m.
2
Suppose 0 = -2*s - 2*s + 48. Let w be (s + -10)/((-2)/(-20)). Calculate the greatest common divisor of 120 and w.
20
Let c = -52 + 142. Suppose -y = -6*y + c. Suppose 3*z - 29 = -2*a, 4*z - 21 = 3*a + 12. Calculate the greatest common divisor of y and z.
9
Suppose -4*f = -3 - 13. Suppose f*d - 8*d + 80 = 0. Calculate the highest common factor of 100 and d.
20
Let y(a) = -a - 9. Let v be y(-7). Let m = v - -11. Let d be (486/72)/((-1)/(-12)). What is the greatest common factor of d and m?
9
Let m be (-5)/(0 + 1/(-5)). What is the greatest common factor of 5 and m?
5
Let t be -24*(-1)/(3 - 1). What is the highest common factor of t and 108?
12
Let y = -6 - -8. Let b(p) = 5 - p + 2*p**2 - y*p + 0*p. Let g be b(-4). Calculate the greatest common factor of g and 7.
7
Let p be (20/(-25))/((-1)/(-5)). Let h be p/(((-4)/(-28))/(-1)). Calculate the greatest common factor of h and 70.
14
Suppose 3*k - 1 = 5*p + 14, k - 5 = -3*p. Suppose -m + 15 = -0*m - 3*v, 0 = 2*m - k*v - 27. Calculate the greatest common divisor of m and 60.
6
Suppose -7*n = -8*n + 4. Suppose -l = -2*p - 50, n*p + 150 = 3*l + 2*p. Calculate the greatest common divisor of 10 and l.
10
Suppose 0 = 19*g - 16*g - 396. What is the highest common divisor of 12 and g?
12
Suppose -220 = 4*z - 0*z. Let c = z - -81. What is the greatest common factor of 39 and c?
13
Let o = -81 - -146. Suppose -2*q = -117 - o. Calculate the highest common divisor of 13 and q.
13
Suppose 4*x + x - 230 = -5*c, 4*c - 3*x - 212 = 0. Let l be 2 - 0 - -9*2. Calculate the highest common factor of c and l.
10
Suppose 1 + 2 = x. Suppose -v = -3*i + 14 - x, -5*v = 4*i - 2. What is the greatest common factor of 3 and i?
3
Suppose t = -2*t - 9. Suppose -2*i - 9 = -0*i + 5*d, -d + 3 = -2*i. Let q be (48/9)/(i/t). What is the greatest common factor of 8 and q?
8
Suppose 0 = f - 13 - 5. What is the greatest common divisor of 108 and f?
18
Let g(a) = -8*a - 89. Let v be g(-19). What is the greatest common factor of 18 and v?
9
Let t be (-38)/8 - 3/(-4). Let k be 3/((18/t)/(-3)). Let i be (-28)/(-6) + k/6. Calculate the greatest common divisor of i and 25.
5
Let g = 51 + -39. Calculate the greatest common divisor of g and 12.
12
Suppose -2*h + 49 - 6 = b, 4*h - b - 95 = 0. What is the highest common divisor of 161 and h?
23
Suppose -4*g + 6*g = 28. Let c(q) = -20*q + 1. Let r be c(-1). Calculate the greatest common factor of r and g.
7
Let v be 7 + -1 + 2/(-2). Let c = 9 + 1. Let t be 1/(c/(-4) + 3). What is the highest common divisor of t and v?
1
Let g = 40 + -17. What is the highest common divisor of g and 253?
23
Suppose -4*q + 2*w - 6 = -56, 5*q - 90 = -3*w. Calculate the greatest common factor of q and 25.
5
Let x(c) = 12*c - 3. Let u be x(4). What is the highest common factor of u and 9?
9
Suppose -2 = 3*m - 3*r - 2*r, -3*r = 5*m - 42. What is the highest common factor of m and 30?
6
Let h(k) = 0 + 6*k**2 - 2 + 1. Let x be h(1). Suppose -x*c + 14 = -4*c. What is the highest common factor of c and 7?
7
Let u(t) = -t**3 - 5*t**2 - 6*t - 6. Let q be u(-5). Calculate the greatest common factor of q and 16.
8
Let q = -51 - -103. Let n be 0*3/9 + -10. Let g = 23 + n. What is the highest common factor of g and q?
13
Let i be (-2 - -2) + 2 + 98. Let r = 53 + -33. What is the greatest common divisor of i and r?
20
Let p(q) = 5*q + 11*q - 2 - q**2 + 10 - 1. Let t be p(9). What is the greatest common factor of t and 14?
14
Let w(l) = l**2 + 6*l + 3. Let q(n) = -2*n**2 - 7*n - 4. Let s(b) = 2*q(b) + 3*w(b). Let k be s(3). Calculate the greatest common divisor of k and 4.
4
Suppose -3*r + 17 = 5*x - 8, -5*r - 2*x = -10. Suppose -5*h + 0 = -10. Suppose -h*d + 3*d - 6 = r. What is the highest common factor of 30 and d?
6
Let h be (-135)/(-1)*9/27. Calculate the highest common factor of 18 and h.
9
Let j = -61 - -91. What is the highest common divisor of j and 15?
15
Let n(k) = -k**2 - 9*k - 1. Let h = -9 + 3. Let x be n(h). Calculate the greatest common factor of 68 and x.
17
Let o be 14/3*(-18)/(-12). Suppose 3*k - o - 2 = 0. Suppose 3*z - k*r = 4*z - 21, 10 = 2*z - 2*r. What is the highest common factor of z and 1?
1
Suppose 7 = 3*k - 8. Let f = 2 + 3. What is the greatest common divisor of f and k?
5
Suppose 3*q = -7*h + 2*h + 131, -3*h + 90 = -2*q. Let a be (-2 - -2) + 0 + 8. Let b be 558/a - 2/(-8). What is the highest common divisor of b and h?
14
Let s = 6 - -6. Let h(n) = n**2 - 5*n + 1. Let t be h(6). Let r = -4 + t. Calculate the greatest common divisor of r and s.
3
Suppose 6*x - 2*x = 12. Let p = x + 1. What is the greatest common factor of 20 and p?
4
Let c = 278 + -188. What is the greatest common divisor of 18 and c?
18
Suppose -3*b = -6 - 6. Let z(o) be the first derivative of 4*o**3/3 - o**2/2 + o - 1. Let n be z(1). Calculate the greatest common factor of n and b.
4
Let a(k) = -k**3 + 8*k**2 + 11*k - 13. Let i be a(9). Suppose -i*z - 280 = -15. Let p = -13 - z. Calculate the greatest common factor of 16 and p.
8
Let j(k) = -2*k + 7. Let u(b) = 5*b - 13. Let l(r) = 9*j(r) + 4*u(r). Let x be l(-8). Let d = -2 - x. What is the greatest common factor of d and 3?
3
Let q(b) = 5*b**2 + 19*b - 2. Let r be q(-7). What is the greatest common factor of 44 and r?
22
Let u(i) = -i**3 - 12*i**2 - 6*i - 15. Let k be u(-11). Let c = k + 182. What is the greatest common factor of c and 16?
16
Let j = 9 - -2. Calculate the highest common factor of j and 77.
11
Suppose 4*z = -y + 20, 2*z + 3*z = 3*y + 8. Calculate the greatest common factor of 44 and z.
4
Suppose 20 = 2*s - 24. Suppose -4*q - 3*b + s = 0, -2*q = q + 5*b - 11. What is the highest common divisor of 77 and q?
7
Let s be 3/(1*(-3)/(-100)). Suppose -14*k = -9*k - 200. Calculate the highest common factor of k and s.
20
Let z(u) = u**3 - 12*u**2 + u - 7. Let l be z(12). Let f(d) = -d**3 + 5*d**2 + 2*d - 3. Let r be f(l). What is the highest common factor of r and 21?
7
Let r be ((-56)/21)/((-4)/6). Suppose -r*i + 22 + 2 = 0. What is the highest common divisor of 3 and i?
3
Let z = -6 + 14. Let a(n) = -n**2 + 12*n - 10. Let p be a(z). Calculate the greatest common divisor of 55 and p.
11
Let y(u) = u**3 + 6*u**2 + 2*u - 11. Let f be y(-5). What is the greatest common factor of 36 and f?
4
Suppose 3*o + o - 228 = -4*l, l - 56 = -2*o. What is the greatest common divisor of 464 and l?
58
Suppose 2*q + 10 = -4*g, 0 = 5*q + 5*g + 25. Let n be (6 - q)*(0 - -1). Calculate the highest common divisor of n and 121.
11
Let o = -80 + 53. Let m be -1 - o - 2/(-1). What is the highest common factor of 4 and m?
4
Let z be -26*(-1)/6*3. Suppose -f + 0*f - 586 = -5*t, -118 = -t + f. What is the greatest common divisor of z and t?
13
Suppose 0*l - y = 3*l - 557, l + 3*y = 175. Let x = l + -122. Let n = -23 + 49. Calculate the greatest common factor of x and n.
13
Let d = 5 - 1. What is the greatest common factor of d and 6?
2
Suppose -2*n + 136 = 2*y, 0*y + 3*n = -y + 64. Calculate the greatest common factor of 28 and y.
14
Suppose m + 6 = 2*v + 2, -5*v - 4*m + 10 = 0. Let p be (6/10)/(3/(-15)). Let x(c) = -c - 2. Let w be x(p). What is the highest common divisor of v and w?
1
Suppose 94 = 5*x - 31. Calculate the highest common factor of 125 and x.
25
Let y = -4 - -28. Suppose -5*c = -3*c - y. What is the highest common divisor of c and 24?
12
Let w(y) = -y**3 - 3*y**2 + 8*y - 5. Let a be w(-7). Suppose u + u = 5*l - 81, -3*l + 57 = -4*u. What is the greatest common divisor of l and a?
15
Suppose 0 = 2*n - 0*n - 8. Suppose -n*d + 5*f = -0*d - 31, 4*d - f - 19 = 0. Calculate the highest common factor of 1 and d.
1
Suppose 3*k + k - 64 = -4*m, 3*k = m + 28. What is the greatest common divisor of k and 55?
11
Suppose -2*p - p + 18 = 0. Let f be 3 - 1 - (2 - p). L